at are the prime factors of v?
5, 97
Let b be (-20)/6*(26/4 + -8). Suppose 0 = b*l - 3*a - 836, l - 70 = -5*a + 114. List the prime factors of l.
13
Suppose 0 = 35*p - 38*p + 945. What are the prime factors of p?
3, 5, 7
What are the prime factors of (-11082)/(-24) + (-6)/8?
461
Suppose 2555 = 308*l - 303*l. List the prime factors of l.
7, 73
Let v(r) = -r**3 - 12*r**2 - 13*r - 4. Let s be v(-11). Suppose -s*l + 296 = -14*l. What are the prime factors of l?
2, 37
Let n(c) = 5*c**2 + 2*c - 7. Let t be n(-3). Suppose m - t = -8. What are the prime factors of m?
2, 3
Suppose -5*q = -5*p - 305, 0*q + 46 = -p - 2*q. Let g = -48 - p. What are the prime factors of g?
2
Let n = 46 - 40. Suppose 814 - 46 = n*k. What are the prime factors of k?
2
Let a be 8/(-18)*9/(-2). Suppose -33 = -a*c - c - 3*q, 9 = -c - 5*q. What are the prime factors of c - ((-2)/2 - -3)?
2, 7
Let n = 1995 - 1371. What are the prime factors of n?
2, 3, 13
Let x(d) be the first derivative of -d**4/4 + 2*d**3/3 - 3*d**2/2 + 2*d + 3. Let f be x(2). List the prime factors of 3 + 8/f + 30.
31
Let z(r) = r**3 + 5*r**2 - 9*r**2 + 6 - 13*r - 6*r**2. Let d be z(11). Let y = 33 + d. List the prime factors of y.
17
Suppose 3*r - w + 0*w = -320, 0 = 4*r - 5*w + 434. Let v = -56 - r. What are the prime factors of v?
2, 5
Let m(r) = r + 5. Let w be m(-5). Let a be ((-10)/(-8))/((-15)/(-60)). Suppose y - a - 22 = w. List the prime factors of y.
3
Suppose 7998 = 24*z - 11610. List the prime factors of z.
19, 43
Suppose -4*h + 0*h = -8. Suppose h*n = 76 - 22. Suppose -3 - n = -5*q. List the prime factors of q.
2, 3
Suppose 43 = r + 44. What are the prime factors of ((-12)/(-18))/(r/(-183))?
2, 61
Suppose 5*m + 4 = 3*l, -2*m = 2*l - 3*m - 12. List the prime factors of 114 + (l - 0 - 4).
2, 59
Let f(n) = n**2 - 2*n + 1. Let y be f(-3). Suppose z = -5 + y. Let g = z + 7. List the prime factors of g.
2, 3
Let k(x) = x**2 + 2*x. Let c be k(-3). Suppose c*q + 2*q = 135. What are the prime factors of q?
3
Let u = -17 - -19. Suppose u*g = -2*b + 150, -b + 4*g + 46 = -29. What are the prime factors of b?
3, 5
What are the prime factors of (3/2)/(-1 - (-15320)/15296)?
2, 239
Let f be (2/(-7))/((-8)/56). Suppose f = 2*j - 2*z, 0*z - 7 = j - 3*z. Suppose 0 = -0*o - j*o + 60. What are the prime factors of o?
2, 3
Let s = 1025 + -647. What are the prime factors of s?
2, 3, 7
Suppose -561 = -7*g + 4*g. List the prime factors of (-22)/g - (-9558)/34.
281
What are the prime factors of (-4)/3 + (-742220)/(-204)?
3637
Let m = 9 + -7. Suppose -217 = -m*a - 43. Suppose -a = 5*f - 292. List the prime factors of f.
41
Suppose 4*t - 26 = -6. Suppose -4*r + 3*i + 647 = 0, 4*r - t*i = 2*r + 341. List the prime factors of r.
2, 79
Let c(n) = 5*n + 48. Let q be c(-8). List the prime factors of (q/32)/((-4)/(-4656)).
3, 97
Let q(p) = -p**2 + 2*p - 1. Let u be q(2). Let l be 1 + u - 3/(-3). List the prime factors of (80/(-56))/(l/(-7)).
2, 5
Let b = 169 - -226. List the prime factors of b.
5, 79
List the prime factors of 13/(3/(-12) + 150/584).
2, 13, 73
Suppose 0 = k + 3 - 7. Suppose -4*x - 2*t = -240, -k*t - 140 = -4*x + 100. List the prime factors of x.
2, 3, 5
Suppose 4*s - 12 = -5*z, -z = -s + 3*s - 6. Suppose 2 = n - z*n. Suppose n - 26 = -2*i. What are the prime factors of i?
2, 3
Let j(k) = -5*k**2 + 4*k - 3. Let q be j(1). Let v(i) = 3*i**2 + i + 7. What are the prime factors of v(q)?
3, 17
Suppose i = 5*v + 290, -5*v + 0*i = 2*i + 290. Let u = v + 103. List the prime factors of u.
3, 5
Let w(b) = -b**3 + 2*b**2 + 8*b + 3. Let m be w(4). Suppose -m + 23 = 4*c. Suppose -158 = -c*r + 3*r. What are the prime factors of r?
79
Let d = 25 + -18. Let v(g) = 9*g - 6. What are the prime factors of v(d)?
3, 19
Let u(m) be the first derivative of m**3/3 + 2*m**2 + 3. Let h be u(-4). Suppose c - 13 - 15 = h. What are the prime factors of c?
2, 7
Let u(x) = -x**3 - 7*x**2 + 11*x + 29. Let r be u(-8). Suppose 5*f - 210 = -r*c, -3*c - 79 - 35 = -3*f. List the prime factors of f.
2, 5
Suppose 0 = -2*l - l. Suppose -g + 6*g - 3*v - 447 = l, g = -3*v + 75. List the prime factors of g.
3, 29
What are the prime factors of (-6)/27 - 12992/(-63)?
2, 103
Let a(k) be the first derivative of -k**4/4 + 16*k**3/3 - 5*k**2/2 - 11*k + 10. Let f be a(17). List the prime factors of f/(-20) + (-1)/4.
19
Let h be (2 + -6 - -52)*1. Let v = h - 38. What are the prime factors of v?
2, 5
Suppose 3*i = 4*b - 1053, -2*b + i = 55 - 584. List the prime factors of b.
3, 89
Let c be 218/4*2 - 0. Let j = c + 16. What are the prime factors of j?
5
Suppose 5*f = f + 12. Suppose -r = 3*o + f*r - 10, 4*o + r = 9. Suppose -4*j + o = -74. List the prime factors of j.
19
Let q be 2/(-3) - (-2128)/6. Suppose 6*i - 98 = -g + i, -3*i + q = 3*g. Suppose -3*r = f - 0*f - g, -r = 5*f - 41. What are the prime factors of r?
41
What are the prime factors of 409 + -5 + 9 + -1?
2, 103
Let m(f) = -7*f**2 + 3*f + 3. Let j be m(-4). Let t = j - -178. Suppose -6*b + t = -b - 4*n, -5*n = -3*b + 42. List the prime factors of b.
3
Suppose 10 = 3*r + 5*c - 7, 17 = -r + 4*c. Let j be 12 + -1 - (1 + r). Let m = j + -3. List the prime factors of m.
2
Suppose 110 = -52*b + 57*b. Suppose -2*f + 4*x = -36, -x + b = -2*f + 73. List the prime factors of f.
2, 7
Let j(b) = 2*b + 9. Let h be j(-4). What are the prime factors of (h + 0)/(4/48)?
2, 3
Let i(r) = -3*r + 8. Let k be i(-7). Let g = 9 - k. What are the prime factors of 5/g - (-210)/8?
2, 13
Suppose 17242 = 28*v - 42286. What are the prime factors of v?
2, 1063
Suppose 52563 + 53183 = 37*k. What are the prime factors of k?
2, 1429
Let b = 3632 + -2024. List the prime factors of b.
2, 3, 67
Suppose -5*l + 16 - 1 = 0. Let b be (-16)/6 - l/9. Let w(i) = i**2 - i - 1. List the prime factors of w(b).
11
Let f(t) = 39*t**2 - 3*t - 1. Let w be f(2). Let l = -82 + w. List the prime factors of l.
67
Suppose -2*z + 109 = -5*w, 0*z = 4*w + z + 82. What are the prime factors of 3/(-7) + (-471)/w?
2, 11
Suppose -4*h + 5*p - p = 68, -5*h - 125 = 5*p. Let j be 2/(-3) + (-119)/h. Suppose -j*z = -3*n - 137, -4 - 25 = -z + n. What are the prime factors of z?
5
Suppose 18*v - 2 = 17*v. Let m be ((-1)/3)/(5/(-30)). What are the prime factors of m/((-90)/(-44) - v)?
2, 11
Let f(v) = v**2 + 12*v + 7. Let x be f(-12). What are the prime factors of (-18)/(-2)*x/1?
3, 7
Let v(k) = k**3 - 4*k**2 + 21*k - 29. List the prime factors of v(10).
11, 71
Let x(b) = b**2. Let v(j) = 230*j**2 + 2*j + 2. Let k(f) = v(f) - 8*x(f). What are the prime factors of k(-1)?
2, 3, 37
Let a(f) be the first derivative of -187*f**2/2 - 2*f - 25. What are the prime factors of a(-1)?
5, 37
Let s(m) = -18*m**3 - 7*m**2 + 5*m + 31. List the prime factors of s(-5).
2081
Let v be 256/26 - 2/(-13). Suppose v*r + 115 = 325. List the prime factors of r.
3, 7
Let o(v) = v**2 + 2. Let z be o(3). Let l = z + -9. Let f(h) = 3*h**2 - h - 2. List the prime factors of f(l).
2
Let l(p) = 12*p + 4. Let g(r) = -11*r - 3. Let c(t) = 6*g(t) + 5*l(t). Let u be c(3). Let w = 42 + u. What are the prime factors of w?
2, 13
Let s = 344 + -334. What are the prime factors of s?
2, 5
Let y = -28 + 11. Let b = 17 + y. Suppose 5*w - 185 = -b*w. What are the prime factors of w?
37
Suppose -34*p - 2*p + 110304 = 0. What are the prime factors of p?
2, 383
Let i = 110 - -72. What are the prime factors of i?
2, 7, 13
Let i(k) = -9*k + 50. Let o be i(5). Suppose -o*q - 409 = -1469. List the prime factors of q.
2, 53
Let p(d) = d**3 - 9*d**2 - d + 5. Let y(m) = 4*m**3 - 28*m**2 - 3*m + 15. Let g(w) = -7*p(w) + 2*y(w). List the prime factors of g(-6).
5
Let q(u) = u**3 - 13*u**2 + 19*u - 29. What are the prime factors of q(14)?
433
Let s be (1 - 5/(-15))*129. List the prime factors of (-1 + 0)/((-4)/s).
43
Let d be ((-6)/(-3) - -1) + (-1 - 1). List the prime factors of (66 - 9)/(d/1).
3, 19
Suppose 694*m - 700*m = -15954. What are the prime factors of m?
2659
Suppose 0 = -91*u + 241010 + 45094. List the prime factors of u.
2, 3, 131
Let w be 4/(-16)*-18*(-4)/(-3). Let t = w + 20. What are the prime factors of t?
2, 13
Let m = -21 - -20. What are the prime factors of 11/(55/140) + m?
3
Suppose -y = -5*k + 9885, -y - 7892 = -4*k + 3*y. List the prime factors of k.
2, 23, 43
Let w(g) = 10 - 13 - 31*g - 12 + 5*g. List th